{"id":34292,"date":"2024-10-22T19:20:38","date_gmt":"2024-10-22T22:20:38","guid":{"rendered":"https:\/\/fvcb.com.br\/acervo\/?page_id=34292"},"modified":"2026-04-08T17:00:34","modified_gmt":"2026-04-08T20:00:34","slug":"sobre-o-acervo","status":"publish","type":"page","link":"https:\/\/fvcb.com.br\/acervo\/sobre-o-acervo\/","title":{"rendered":"Sobre o Acervo"},"content":{"rendered":"\n<h2 class=\"wp-block-heading has-text-align-center\"><mark style=\"background-color:rgba(0, 0, 0, 0)\" class=\"has-inline-color has-default-color\">Apresenta\u00e7\u00e3o<\/mark><\/h2>\n\n\n\n<p>O Acervo Art\u00edstico da FVCB \u00e9 composto em sua grande maioria por trabalhos contempor\u00e2neos de artistas, coletivos e propostas nacionais e internacionais, englobando diferentes denomina\u00e7\u00f5es, como arte impressa, arte postal, arte sonora, arte t\u00eaxtil, arte tridimensional, desenho, fotografia, instala\u00e7\u00e3o, livro de artista, pintura, videoarte, entre outras.&nbsp;<\/p>\n\n\n\n<p>Trata-se de um acervo museol\u00f3gico em constante expans\u00e3o, que atualmente conta com um <strong>total<\/strong> de <strong>4.303 <\/strong>obras divididas em duas cole\u00e7\u00f5es: a <a href=\"https:\/\/fvcb.com.br\/acervo\/index.php\/colecao-artistas-contemporaneos\/\" data-type=\"tainacan-collection\" data-id=\"9586\"><strong>Cole\u00e7\u00e3o Artistas Contempor\u00e2neos<\/strong><\/a> que possui <strong>3.328 <\/strong>obras, e a <strong><a href=\"https:\/\/fvcb.com.br\/acervo\/index.php\/colecao-vera-chaves-barcellos\/\" data-type=\"tainacan-collection\" data-id=\"1411\">Cole\u00e7\u00e3o Vera Chaves Barcellos<\/a> <\/strong>que abrange <strong>975 <\/strong>obras.<\/p>\n\n\n\n<p>Dentro da Cole\u00e7\u00e3o Artistas Contempor\u00e2neos, h\u00e1 uma variada gama de artistas e trabalhos, no entanto, destacam-se tr\u00eas <strong><mark style=\"background-color:rgba(0, 0, 0, 0)\" class=\"has-inline-color has-default-color\"><a href=\"https:\/\/fvcb.com.br\/acervo\/index.php\/subcolecoes\/\" data-type=\"page\" data-id=\"34326\">Subcole\u00e7\u00f5es<\/a><\/mark><\/strong> das quais a Funda\u00e7\u00e3o Vera Chaves Barcellos det\u00e9m a grande maioria do trabalho desses artistas, s\u00e3o elas: <strong>Subcole\u00e7\u00e3o Claudio Goulart<\/strong>, <strong>Subcole\u00e7\u00e3o Patricio<\/strong> <strong>Far\u00edas<\/strong> e <strong>Subcole\u00e7\u00e3o Silvio Nunes Pinto<\/strong>.<\/p>\n\n\n\n<p>Em nosso banco de dados, tamb\u00e9m \u00e9 poss\u00edvel realizar consultas a partir da aba de <strong><mark style=\"background-color:rgba(0, 0, 0, 0)\" class=\"has-inline-color has-default-color\"><a href=\"https:\/\/fvcb.com.br\/acervo\/index.php\/artistas\/\" data-type=\"page\" data-id=\"34345\">Artistas<\/a><\/mark><\/strong>, onde constam os perfis dos mais de 800 artistas que comp\u00f5em o acervo da FVCB, com suas respectivas biografias e obras. E tamb\u00e9m, h\u00e1 o nosso hist\u00f3rico de mostras, na aba <strong><mark style=\"background-color:rgba(0, 0, 0, 0)\" class=\"has-inline-color has-default-color\"><a href=\"https:\/\/fvcb.com.br\/acervo\/index.php\/exposicoes\/\" data-type=\"page\" data-id=\"34339\">Exposi\u00e7\u00f5es<\/a><\/mark><\/strong>, onde \u00e9 poss\u00edvel acessar as principais informa\u00e7\u00f5es de cada exposi\u00e7\u00e3o,&nbsp;como: curadoria, data de exibi\u00e7\u00e3o, e as obras da cole\u00e7\u00e3o que participaram de cada uma delas.<\/p>\n\n\n\n<h2 class=\"wp-block-heading has-text-align-center\"><strong><mark style=\"background-color:rgba(0, 0, 0, 0)\" class=\"has-inline-color has-default-color\">Implementa\u00e7\u00e3o Tainacan<\/mark><\/strong><\/h2>\n\n\n\n<p>A base de dados e sistema de documenta\u00e7\u00e3o museol\u00f3gica que utilizamos para disponibilizar nosso Acervo Art\u00edstico online, o <mark style=\"background-color:rgba(0, 0, 0, 0)\" class=\"has-inline-color has-default-color\"><strong><a href=\"https:\/\/fvcb.com.br\/acervo\/index.php\/glossario\/\" data-type=\"page\" data-id=\"60776\">Tainacan<\/a><\/strong><\/mark>, \u00e9 um software de origem nacional que foi escolhido pelo Instituto Brasileiro de Museus \u2013 Ibram para realizar a pol\u00edtica nacional de acervos e p\u00f4r em pr\u00e1tica&nbsp; o Invent\u00e1rio Nacional de Bens Musealizados, que visa mapear os acervos e cole\u00e7\u00f5es em territ\u00f3rio nacional. Em conson\u00e2ncia com esse princ\u00edpio de levantamento de um patrim\u00f4nio musealizado nacional, uma das caracter\u00edsticas principais do Tainacan \u00e9 a interoperabilidade de acervos, ou seja, a capacidade de diferentes acervos poderem se comunicar e formar redes, al\u00e9m da disponibiliza\u00e7\u00e3o de acervos na internet.&nbsp;<\/p>\n\n\n\n<p>Ao longo de quase duas d\u00e9cadas, a informa\u00e7\u00e3o das obras da FVCB j\u00e1 foi classificada em diferentes suportes, desde fichas catalogr\u00e1ficas f\u00edsicas at\u00e9 bancos de dados como o Donato e o <em>Open Access<\/em>. O projeto de migrar esses dados para o Tainacan e disponibiliz\u00e1-lo para o acervo online come\u00e7ou em 2023, e foi executado pela muse\u00f3loga Bruna Martin e o bacharel em museologia Arthur Bonfim, que trabalham no setor de Acervo Art\u00edstico da FVCB, com a assessoria t\u00e9cnica de S\u00e9rgio Sakakibara.<\/p>\n\n\n\n<p>Para implementar o Tainacan na Funda\u00e7\u00e3o, foi necess\u00e1rio compilar, revisar e complementar informa\u00e7\u00f5es que estavam armazenadas em diferentes sistemas de cataloga\u00e7\u00e3o. Esse processo envolveu etapas de tratamento de dados e discuss\u00f5es te\u00f3ricas sobre as materialidades, t\u00e9cnicas e categorias da nossa cole\u00e7\u00e3o, bem como quest\u00f5es de cataloga\u00e7\u00e3o referentes \u00e0 arte contempor\u00e2nea. A partir dessa sistematiza\u00e7\u00e3o, realizamos a migra\u00e7\u00e3o dos dados que aqui se encontram dispon\u00edveis para consulta e pesquisa p\u00fablica, algo at\u00e9 ent\u00e3o in\u00e9dito na hist\u00f3ria da FVCB.<\/p>\n\n\n\n<p><\/p>\n\n\n\n<p><\/p>\n","protected":false},"excerpt":{"rendered":"<p>Apresenta\u00e7\u00e3o O Acervo Art\u00edstico da FVCB \u00e9 composto em sua grande maioria por trabalhos contempor\u00e2neos de artistas, coletivos e propostas nacionais e internacionais, englobando diferentes denomina\u00e7\u00f5es, como arte impressa, arte postal, arte sonora, arte t\u00eaxtil, arte tridimensional, desenho, fotografia, instala\u00e7\u00e3o, livro de artista, pintura, videoarte, entre outras.&nbsp; Trata-se de um acervo museol\u00f3gico em constante expans\u00e3o, [&hellip;]<\/p>\n","protected":false},"author":2,"featured_media":0,"parent":0,"menu_order":0,"comment_status":"closed","ping_status":"closed","template":"","meta":{"footnotes":""},"class_list":["post-34292","page","type-page","status-publish","hentry"],"_links":{"self":[{"href":"https:\/\/fvcb.com.br\/acervo\/wp-json\/wp\/v2\/pages\/34292","targetHints":{"allow":["GET"]}}],"collection":[{"href":"https:\/\/fvcb.com.br\/acervo\/wp-json\/wp\/v2\/pages"}],"about":[{"href":"https:\/\/fvcb.com.br\/acervo\/wp-json\/wp\/v2\/types\/page"}],"author":[{"embeddable":true,"href":"https:\/\/fvcb.com.br\/acervo\/wp-json\/wp\/v2\/users\/2"}],"replies":[{"embeddable":true,"href":"https:\/\/fvcb.com.br\/acervo\/wp-json\/wp\/v2\/comments?post=34292"}],"version-history":[{"count":33,"href":"https:\/\/fvcb.com.br\/acervo\/wp-json\/wp\/v2\/pages\/34292\/revisions"}],"predecessor-version":[{"id":166695,"href":"https:\/\/fvcb.com.br\/acervo\/wp-json\/wp\/v2\/pages\/34292\/revisions\/166695"}],"wp:attachment":[{"href":"https:\/\/fvcb.com.br\/acervo\/wp-json\/wp\/v2\/media?parent=34292"}],"curies":[{"name":"wp","href":"https:\/\/api.w.org\/{rel}","templated":true}]}}