{"id":34317,"date":"2024-10-22T21:14:34","date_gmt":"2024-10-23T00:14:34","guid":{"rendered":"https:\/\/fvcb.com.br\/acervo\/?page_id=34317"},"modified":"2026-03-19T12:04:59","modified_gmt":"2026-03-19T15:04:59","slug":"colecao","status":"publish","type":"page","link":"https:\/\/fvcb.com.br\/acervo\/colecao\/","title":{"rendered":"Cole\u00e7\u00f5es"},"content":{"rendered":"\n<h5 class=\"wp-block-heading\"><mark style=\"background-color:rgba(0, 0, 0, 0)\" class=\"has-inline-color has-default-color\">S\u00e3o dois grandes recortes do nosso acervo que compreendem as obras, sendo divididas em Artistas Contempor\u00e2neos, e uma cole\u00e7\u00e3o dedicada \u00e0 Vera Chaves Barcellos<\/mark><\/h5>\n\n\n\n<div class=\"wp-block-columns is-layout-flex wp-container-core-columns-is-layout-28f84493 wp-block-columns-is-layout-flex\">\n<div class=\"wp-block-column is-layout-flow wp-block-column-is-layout-flow\" style=\"flex-basis:100%\">\n<blockquote class=\"wp-block-quote has-text-align-right is-layout-flow wp-block-quote-is-layout-flow\">\n<pre class=\"wp-block-preformatted\"><em><mark style=\"background-color:rgba(0, 0, 0, 0)\" class=\"has-inline-color has-mustard-color\">Como artista a minha maior cole\u00e7\u00e3o \u00e9, naturalmente, da minha pr\u00f3pria obra, mas realmente,&nbsp; consci\u00eancia de formar uma cole\u00e7\u00e3o veio ap\u00f3s a possibilidade de ter um Bicho de Lygia Clark, dos anos 60, adquirido na d\u00e9cada de 90. Pensei: \u201cAgora estou come\u00e7ando uma verdadeira cole\u00e7\u00e3o\u201d. Como j\u00e1 possu\u00eda-mos um bom n\u00famero de obras, a partir da\u00ed nossas escolhas foram se tornando mais conscientes e o acervo foi se enriquecendo atr\u00e1s de continuas aquisi\u00e7\u00f5es (Vera Chaves Barcellos em entrevista para Nei Vargas,2021)<\/mark><\/em><\/pre>\n<\/blockquote>\n<\/div>\n<\/div>\n\n\n\n<p><strong><mark style=\"background-color:rgba(0, 0, 0, 0)\" class=\"has-inline-color has-default-color\"><a href=\"https:\/\/fvcb.com.br\/acervo\/index.php\/colecao-artistas-contemporaneos\/\" data-type=\"tainacan-collection\" data-id=\"9586\">Artistas Contempor\u00e2neos<\/a><\/mark><\/strong><\/p>\n\n\n\n<p><mark style=\"background-color:rgba(0, 0, 0, 0)\" class=\"has-inline-color has-darkgray-color\">A cole\u00e7\u00e3o Artistas Contempor\u00e2neos possui mais de 3.300 obras e 800 artistas. Nela, pode-se conferir as seguintes denomina\u00e7\u00f5es art\u00edsticas: Arte Impressa, Arte Postal, Arte Sonora, Arte T\u00eaxtil, Arte Tridimensional, Desenho, Fotografia, Instala\u00e7\u00e3o, Livro de Artista, Mista, Pintura, Registro\/Documento e Videoarte.<\/mark><\/p>\n\n\n\n<p><mark style=\"background-color:rgba(0, 0, 0, 0)\" class=\"has-inline-color has-darkgray-color\">Podemos destacar dentro desse universo de linguagens, a quantidade de t\u00e9cnicas de Gravura, Arte Postal, Livros de Artista e Fotografia que comp\u00f5em a cole\u00e7\u00e3o. Com projetos que remetem desde os prim\u00f3rdios da produ\u00e7\u00e3o contempor\u00e2nea at\u00e9 a atualidade.&nbsp;<\/mark><\/p>\n\n\n\n<p><\/p>\n\n\n\n<p><strong><mark style=\"background-color:rgba(0, 0, 0, 0)\" class=\"has-inline-color has-default-color\"><a href=\"https:\/\/fvcb.com.br\/acervo\/index.php\/colecao-vera-chaves-barcellos\/\" data-type=\"tainacan-collection\" data-id=\"1411\">Vera Chaves Barcellos<\/a><\/mark><\/strong><\/p>\n\n\n\n<p><mark style=\"background-color:rgba(0, 0, 0, 0)\" class=\"has-inline-color has-darkgray-color\">A cole\u00e7\u00e3o Vera Chaves Barcellos (Porto Alegre\/RS, 1938)<strong> <\/strong>possui parte significativa do trabalho da artista, com mais de 900 obras, n\u00famero este, que continua crescendo, uma vez que Vera segue produzindo.&nbsp; Na cole\u00e7\u00e3o, \u00e9 poss\u00edvel ter um panorama da sua produ\u00e7\u00e3o, desde os seus primeiros estudos na d\u00e9cada de 1950, at\u00e9 os trabalhos mais atuais. Al\u00e9m do mais, a cole\u00e7\u00e3o da artista possui obras em diversas linguagens, como Xilogravura, Serigrafia, Fotografia, Desenhos, Pinturas, Instala\u00e7\u00f5es, Livro de Artista, Videoarte e outras articula\u00e7\u00f5es entre linguagens.&nbsp;<\/mark><\/p>\n\n\n\n<p><mark style=\"background-color:rgba(0, 0, 0, 0)\" class=\"has-inline-color has-darkgray-color\">No entanto podemos ressaltar que em nosso acervo se destacam em n\u00fameros a produ\u00e7\u00e3o de Gravuras, Desenhos e Fotografias da artista.<\/mark><\/p>\n\n\n\n<div class=\"wp-block-tainacan-collections-list\" data-module=\"collections-list\"><ul style=\"grid-template-columns:repeat(auto-fill, 220px)\" class=\"collections-list  collections-layout-grid\"><li class=\"collection-list-item\" style=\"margin-bottom:12px\"><button type=\"button\" class=\"components-button has-icon\" aria-label=\"Remover\"><span class=\"dashicon dashicons dashicons-no-alt\"><\/span><\/button><a id=\"collection-id-9586\" href=\"https:\/\/fvcb.com.br\/acervo\/index.php\/colecao-artistas-contemporaneos\/\" class=\" \"><img decoding=\"async\" src=\"https:\/\/fvcb.com.br\/acervo\/wp-content\/uploads\/2024\/11\/cropped-img11062024_250-scaled-1-275x275.jpg\" alt=\"Cole\u00e7\u00e3o Artistas Contempor\u00e2neos\"\/><span>Cole\u00e7\u00e3o Artistas Contempor\u00e2neos<\/span><\/a><\/li><li class=\"collection-list-item\" style=\"margin-bottom:12px\"><button type=\"button\" class=\"components-button has-icon\" aria-label=\"Remover\"><span class=\"dashicon dashicons dashicons-no-alt\"><\/span><\/button><a id=\"collection-id-1411\" href=\"https:\/\/fvcb.com.br\/acervo\/index.php\/colecao-vera-chaves-barcellos\/\" class=\" \"><img decoding=\"async\" src=\"https:\/\/fvcb.com.br\/acervo\/wp-content\/uploads\/2024\/10\/cropped-V00503.2-275x275.webp\" alt=\"Cole\u00e7\u00e3o Vera Chaves Barcellos\"\/><span>Cole\u00e7\u00e3o Vera Chaves Barcellos<\/span><\/a><\/li><\/ul><\/div>\n","protected":false},"excerpt":{"rendered":"<p>S\u00e3o dois grandes recortes do nosso acervo que compreendem as obras, sendo divididas em Artistas Contempor\u00e2neos, e uma cole\u00e7\u00e3o dedicada \u00e0 Vera Chaves Barcellos Como artista a minha maior cole\u00e7\u00e3o \u00e9, naturalmente, da minha pr\u00f3pria obra, mas realmente,&nbsp; consci\u00eancia de formar uma cole\u00e7\u00e3o veio ap\u00f3s a possibilidade de ter um Bicho de Lygia Clark, dos [&hellip;]<\/p>\n","protected":false},"author":2,"featured_media":0,"parent":0,"menu_order":0,"comment_status":"closed","ping_status":"closed","template":"","meta":{"footnotes":""},"class_list":["post-34317","page","type-page","status-publish","hentry"],"_links":{"self":[{"href":"https:\/\/fvcb.com.br\/acervo\/wp-json\/wp\/v2\/pages\/34317","targetHints":{"allow":["GET"]}}],"collection":[{"href":"https:\/\/fvcb.com.br\/acervo\/wp-json\/wp\/v2\/pages"}],"about":[{"href":"https:\/\/fvcb.com.br\/acervo\/wp-json\/wp\/v2\/types\/page"}],"author":[{"embeddable":true,"href":"https:\/\/fvcb.com.br\/acervo\/wp-json\/wp\/v2\/users\/2"}],"replies":[{"embeddable":true,"href":"https:\/\/fvcb.com.br\/acervo\/wp-json\/wp\/v2\/comments?post=34317"}],"version-history":[{"count":16,"href":"https:\/\/fvcb.com.br\/acervo\/wp-json\/wp\/v2\/pages\/34317\/revisions"}],"predecessor-version":[{"id":165800,"href":"https:\/\/fvcb.com.br\/acervo\/wp-json\/wp\/v2\/pages\/34317\/revisions\/165800"}],"wp:attachment":[{"href":"https:\/\/fvcb.com.br\/acervo\/wp-json\/wp\/v2\/media?parent=34317"}],"curies":[{"name":"wp","href":"https:\/\/api.w.org\/{rel}","templated":true}]}}

Coleções

<h5 class="wp-block-heading"><mark style="background-color:rgba(0, 0, 0, 0)" class="has-inline-color has-default-color">São dois grandes recortes do nosso acervo que compreendem as obras, sendo divididas em Artistas Contemporâneos, e uma coleção dedicada à Vera Chaves Barcellos</mark></h5>



<div class="wp-block-columns is-layout-flex wp-container-core-columns-is-layout-28f84493 wp-block-columns-is-layout-flex">
<div class="wp-block-column is-layout-flow wp-block-column-is-layout-flow" style="flex-basis:100%">
<blockquote class="wp-block-quote has-text-align-right is-layout-flow wp-block-quote-is-layout-flow">
<pre class="wp-block-preformatted"><em><mark style="background-color:rgba(0, 0, 0, 0)" class="has-inline-color has-mustard-color">Como artista a minha maior coleção é, naturalmente, da minha própria obra, mas realmente,&nbsp; consciência de formar uma coleção veio após a possibilidade de ter um Bicho de Lygia Clark, dos anos 60, adquirido na década de 90. Pensei: “Agora estou começando uma verdadeira coleção”. Como já possuía-mos um bom número de obras, a partir daí nossas escolhas foram se tornando mais conscientes e o acervo foi se enriquecendo atrás de continuas aquisições (Vera Chaves Barcellos em entrevista para Nei Vargas,2021)</mark></em></pre>
</blockquote>
</div>
</div>



<p><strong><mark style="background-color:rgba(0, 0, 0, 0)" class="has-inline-color has-default-color"><a href="https://fvcb.com.br/acervo/index.php/colecao-artistas-contemporaneos/" data-type="tainacan-collection" data-id="9586">Artistas Contemporâneos</a></mark></strong></p>



<p><mark style="background-color:rgba(0, 0, 0, 0)" class="has-inline-color has-darkgray-color">A coleção Artistas Contemporâneos possui mais de 3.300 obras e 800 artistas. Nela, pode-se conferir as seguintes denominações artísticas: Arte Impressa, Arte Postal, Arte Sonora, Arte Têxtil, Arte Tridimensional, Desenho, Fotografia, Instalação, Livro de Artista, Mista, Pintura, Registro/Documento e Videoarte.</mark></p>



<p><mark style="background-color:rgba(0, 0, 0, 0)" class="has-inline-color has-darkgray-color">Podemos destacar dentro desse universo de linguagens, a quantidade de técnicas de Gravura, Arte Postal, Livros de Artista e Fotografia que compõem a coleção. Com projetos que remetem desde os primórdios da produção contemporânea até a atualidade.&nbsp;</mark></p>



<p></p>



<p><strong><mark style="background-color:rgba(0, 0, 0, 0)" class="has-inline-color has-default-color"><a href="https://fvcb.com.br/acervo/index.php/colecao-vera-chaves-barcellos/" data-type="tainacan-collection" data-id="1411">Vera Chaves Barcellos</a></mark></strong></p>



<p><mark style="background-color:rgba(0, 0, 0, 0)" class="has-inline-color has-darkgray-color">A coleção Vera Chaves Barcellos (Porto Alegre/RS, 1938)<strong> </strong>possui parte significativa do trabalho da artista, com mais de 900 obras, número este, que continua crescendo, uma vez que Vera segue produzindo.&nbsp; Na coleção, é possível ter um panorama da sua produção, desde os seus primeiros estudos na década de 1950, até os trabalhos mais atuais. Além do mais, a coleção da artista possui obras em diversas linguagens, como Xilogravura, Serigrafia, Fotografia, Desenhos, Pinturas, Instalações, Livro de Artista, Videoarte e outras articulações entre linguagens.&nbsp;</mark></p>



<p><mark style="background-color:rgba(0, 0, 0, 0)" class="has-inline-color has-darkgray-color">No entanto podemos ressaltar que em nosso acervo se destacam em números a produção de Gravuras, Desenhos e Fotografias da artista.</mark></p>



<div class="wp-block-tainacan-collections-list" data-module="collections-list"><ul style="grid-template-columns:repeat(auto-fill, 220px)" class="collections-list  collections-layout-grid"><li class="collection-list-item" style="margin-bottom:12px"><button type="button" class="components-button has-icon" aria-label="Remover"><span class="dashicon dashicons dashicons-no-alt"></span></button><a id="collection-id-9586" href="https://fvcb.com.br/acervo/index.php/colecao-artistas-contemporaneos/" class=" "><img decoding="async" src="https://fvcb.com.br/acervo/wp-content/uploads/2024/11/cropped-img11062024_250-scaled-1-275x275.jpg" alt="Coleção Artistas Contemporâneos"/><span>Coleção Artistas Contemporâneos</span></a></li><li class="collection-list-item" style="margin-bottom:12px"><button type="button" class="components-button has-icon" aria-label="Remover"><span class="dashicon dashicons dashicons-no-alt"></span></button><a id="collection-id-1411" href="https://fvcb.com.br/acervo/index.php/colecao-vera-chaves-barcellos/" class=" "><img decoding="async" src="https://fvcb.com.br/acervo/wp-content/uploads/2024/10/cropped-V00503.2-275x275.webp" alt="Coleção Vera Chaves Barcellos"/><span>Coleção Vera Chaves Barcellos</span></a></li></ul></div>

<p>São dois grandes recortes do nosso acervo que compreendem as obras, sendo divididas em Artistas Contemporâneos, e uma coleção dedicada à Vera Chaves Barcellos Como artista a minha maior coleção é, naturalmente, da minha própria obra, mas realmente,&nbsp; consciência de formar uma coleção veio após a possibilidade de ter um Bicho de Lygia Clark, dos [&hellip;]</p>
