{"id":4834,"date":"2024-10-21T19:51:57","date_gmt":"2024-10-21T22:51:57","guid":{"rendered":"https:\/\/fvcb.com.br\/acervo\/?page_id=4834"},"modified":"2026-02-13T11:37:54","modified_gmt":"2026-02-13T14:37:54","slug":"acervo-fvcb","status":"publish","type":"page","link":"https:\/\/fvcb.com.br\/acervo\/","title":{"rendered":"FVCB"},"content":{"rendered":"\n<p><mark style=\"background-color:rgba(0, 0, 0, 0)\" class=\"has-inline-color has-default-color\">Em atividade desde 2005, a Funda\u00e7\u00e3o Vera Chaves Barcellos \u00e9 uma institui\u00e7\u00e3o cultural privada e sem fins lucrativos, com atua\u00e7\u00e3o em Viam\u00e3o e Porto Alegre, no Rio Grande do Sul. Nosso trabalho compreende a preserva\u00e7\u00e3o, a pesquisa e a difus\u00e3o do <a href=\"https:\/\/fvcb.com.br\/acervo\/index.php\/sobre-o-acervo\/\" data-type=\"page\" data-id=\"34292\"><strong>acervo<\/strong><\/a> compreendido por obras da artista Vera Chaves Barcellos (Porto Alegre\/RS, 1938) e mais de 800 artistas contempor\u00e2neos, assim como a forma\u00e7\u00e3o de p\u00fablico e o incentivo \u00e0 cria\u00e7\u00e3o art\u00edstica e \u00e0 investiga\u00e7\u00e3o da arte contempor\u00e2nea.<\/mark><\/p>\n\n\n\n<figure class=\"wp-block-gallery has-nested-images columns-default is-cropped wp-block-gallery-1 is-layout-flex wp-block-gallery-is-layout-flex\">\n<figure class=\"wp-block-image size-large\"><img loading=\"lazy\" decoding=\"async\" width=\"1024\" height=\"683\" data-id=\"60743\" src=\"https:\/\/fvcb.com.br\/acervo\/wp-content\/uploads\/2024\/11\/Acervo-Artistico_Reserva-Tecnica_Viamao_Foto-de-Fabio-Alt-1024x683.jpg\" alt=\"\" class=\"wp-image-60743\" srcset=\"https:\/\/fvcb.com.br\/acervo\/wp-content\/uploads\/2024\/11\/Acervo-Artistico_Reserva-Tecnica_Viamao_Foto-de-Fabio-Alt-1024x683.jpg 1024w, https:\/\/fvcb.com.br\/acervo\/wp-content\/uploads\/2024\/11\/Acervo-Artistico_Reserva-Tecnica_Viamao_Foto-de-Fabio-Alt-300x200.jpg 300w, https:\/\/fvcb.com.br\/acervo\/wp-content\/uploads\/2024\/11\/Acervo-Artistico_Reserva-Tecnica_Viamao_Foto-de-Fabio-Alt-768x512.jpg 768w, https:\/\/fvcb.com.br\/acervo\/wp-content\/uploads\/2024\/11\/Acervo-Artistico_Reserva-Tecnica_Viamao_Foto-de-Fabio-Alt-1536x1024.jpg 1536w, https:\/\/fvcb.com.br\/acervo\/wp-content\/uploads\/2024\/11\/Acervo-Artistico_Reserva-Tecnica_Viamao_Foto-de-Fabio-Alt-2048x1365.jpg 2048w, https:\/\/fvcb.com.br\/acervo\/wp-content\/uploads\/2024\/11\/Acervo-Artistico_Reserva-Tecnica_Viamao_Foto-de-Fabio-Alt-205x137.jpg 205w, https:\/\/fvcb.com.br\/acervo\/wp-content\/uploads\/2024\/11\/Acervo-Artistico_Reserva-Tecnica_Viamao_Foto-de-Fabio-Alt-480x320.jpg 480w\" sizes=\"auto, (max-width: 1024px) 100vw, 1024px\" \/><\/figure>\n\n\n\n<figure class=\"wp-block-image size-large\"><img loading=\"lazy\" decoding=\"async\" width=\"1024\" height=\"576\" data-id=\"60744\" src=\"https:\/\/fvcb.com.br\/acervo\/wp-content\/uploads\/2024\/11\/Acervo-Artistico_Reserva-Tecnica-em-Viamao-1024x576.jpg\" alt=\"\" class=\"wp-image-60744\" srcset=\"https:\/\/fvcb.com.br\/acervo\/wp-content\/uploads\/2024\/11\/Acervo-Artistico_Reserva-Tecnica-em-Viamao-1024x576.jpg 1024w, https:\/\/fvcb.com.br\/acervo\/wp-content\/uploads\/2024\/11\/Acervo-Artistico_Reserva-Tecnica-em-Viamao-300x169.jpg 300w, https:\/\/fvcb.com.br\/acervo\/wp-content\/uploads\/2024\/11\/Acervo-Artistico_Reserva-Tecnica-em-Viamao-768x432.jpg 768w, https:\/\/fvcb.com.br\/acervo\/wp-content\/uploads\/2024\/11\/Acervo-Artistico_Reserva-Tecnica-em-Viamao-1536x864.jpg 1536w, https:\/\/fvcb.com.br\/acervo\/wp-content\/uploads\/2024\/11\/Acervo-Artistico_Reserva-Tecnica-em-Viamao-2048x1152.jpg 2048w, https:\/\/fvcb.com.br\/acervo\/wp-content\/uploads\/2024\/11\/Acervo-Artistico_Reserva-Tecnica-em-Viamao-205x115.jpg 205w, https:\/\/fvcb.com.br\/acervo\/wp-content\/uploads\/2024\/11\/Acervo-Artistico_Reserva-Tecnica-em-Viamao-480x270.jpg 480w\" sizes=\"auto, (max-width: 1024px) 100vw, 1024px\" \/><\/figure>\n\n\n\n<figure class=\"wp-block-image size-large\"><img loading=\"lazy\" decoding=\"async\" width=\"1024\" height=\"685\" data-id=\"60745\" src=\"https:\/\/fvcb.com.br\/acervo\/wp-content\/uploads\/2024\/11\/DSC02791-1024x685.jpg\" alt=\"\" class=\"wp-image-60745\" srcset=\"https:\/\/fvcb.com.br\/acervo\/wp-content\/uploads\/2024\/11\/DSC02791-1024x685.jpg 1024w, https:\/\/fvcb.com.br\/acervo\/wp-content\/uploads\/2024\/11\/DSC02791-300x201.jpg 300w, https:\/\/fvcb.com.br\/acervo\/wp-content\/uploads\/2024\/11\/DSC02791-768x514.jpg 768w, https:\/\/fvcb.com.br\/acervo\/wp-content\/uploads\/2024\/11\/DSC02791-1536x1028.jpg 1536w, https:\/\/fvcb.com.br\/acervo\/wp-content\/uploads\/2024\/11\/DSC02791-2048x1371.jpg 2048w, https:\/\/fvcb.com.br\/acervo\/wp-content\/uploads\/2024\/11\/DSC02791-205x137.jpg 205w, https:\/\/fvcb.com.br\/acervo\/wp-content\/uploads\/2024\/11\/DSC02791-480x321.jpg 480w\" sizes=\"auto, (max-width: 1024px) 100vw, 1024px\" \/><\/figure>\n<\/figure>\n\n\n\n<p><\/p>\n","protected":false},"excerpt":{"rendered":"<p>Em atividade desde 2005, a Funda\u00e7\u00e3o Vera Chaves Barcellos \u00e9 uma institui\u00e7\u00e3o cultural privada e sem fins lucrativos, com atua\u00e7\u00e3o em Viam\u00e3o e Porto Alegre, no Rio Grande do Sul. Nosso trabalho compreende a preserva\u00e7\u00e3o, a pesquisa e a difus\u00e3o do acervo compreendido por obras da artista Vera Chaves Barcellos (Porto Alegre\/RS, 1938) e mais [&hellip;]<\/p>\n","protected":false},"author":2,"featured_media":0,"parent":0,"menu_order":0,"comment_status":"closed","ping_status":"closed","template":"","meta":{"footnotes":""},"class_list":["post-4834","page","type-page","status-publish","hentry"],"_links":{"self":[{"href":"https:\/\/fvcb.com.br\/acervo\/wp-json\/wp\/v2\/pages\/4834","targetHints":{"allow":["GET"]}}],"collection":[{"href":"https:\/\/fvcb.com.br\/acervo\/wp-json\/wp\/v2\/pages"}],"about":[{"href":"https:\/\/fvcb.com.br\/acervo\/wp-json\/wp\/v2\/types\/page"}],"author":[{"embeddable":true,"href":"https:\/\/fvcb.com.br\/acervo\/wp-json\/wp\/v2\/users\/2"}],"replies":[{"embeddable":true,"href":"https:\/\/fvcb.com.br\/acervo\/wp-json\/wp\/v2\/comments?post=4834"}],"version-history":[{"count":19,"href":"https:\/\/fvcb.com.br\/acervo\/wp-json\/wp\/v2\/pages\/4834\/revisions"}],"predecessor-version":[{"id":163574,"href":"https:\/\/fvcb.com.br\/acervo\/wp-json\/wp\/v2\/pages\/4834\/revisions\/163574"}],"wp:attachment":[{"href":"https:\/\/fvcb.com.br\/acervo\/wp-json\/wp\/v2\/media?parent=4834"}],"curies":[{"name":"wp","href":"https:\/\/api.w.org\/{rel}","templated":true}]}}

<p><mark style="background-color:rgba(0, 0, 0, 0)" class="has-inline-color has-default-color">Em atividade desde 2005, a Fundação Vera Chaves Barcellos é uma instituição cultural privada e sem fins lucrativos, com atuação em Viamão e Porto Alegre, no Rio Grande do Sul. Nosso trabalho compreende a preservação, a pesquisa e a difusão do <a href="https://fvcb.com.br/acervo/index.php/sobre-o-acervo/" data-type="page" data-id="34292"><strong>acervo</strong></a> compreendido por obras da artista Vera Chaves Barcellos (Porto Alegre/RS, 1938) e mais de 800 artistas contemporâneos, assim como a formação de público e o incentivo à criação artística e à investigação da arte contemporânea.</mark></p>



<figure class="wp-block-gallery has-nested-images columns-default is-cropped wp-block-gallery-1 is-layout-flex wp-block-gallery-is-layout-flex">
<figure class="wp-block-image size-large"><img loading="lazy" decoding="async" width="1024" height="683" data-id="60743" src="https://fvcb.com.br/acervo/wp-content/uploads/2024/11/Acervo-Artistico_Reserva-Tecnica_Viamao_Foto-de-Fabio-Alt-1024x683.jpg" alt="" class="wp-image-60743" srcset="https://fvcb.com.br/acervo/wp-content/uploads/2024/11/Acervo-Artistico_Reserva-Tecnica_Viamao_Foto-de-Fabio-Alt-1024x683.jpg 1024w, https://fvcb.com.br/acervo/wp-content/uploads/2024/11/Acervo-Artistico_Reserva-Tecnica_Viamao_Foto-de-Fabio-Alt-300x200.jpg 300w, https://fvcb.com.br/acervo/wp-content/uploads/2024/11/Acervo-Artistico_Reserva-Tecnica_Viamao_Foto-de-Fabio-Alt-768x512.jpg 768w, https://fvcb.com.br/acervo/wp-content/uploads/2024/11/Acervo-Artistico_Reserva-Tecnica_Viamao_Foto-de-Fabio-Alt-1536x1024.jpg 1536w, https://fvcb.com.br/acervo/wp-content/uploads/2024/11/Acervo-Artistico_Reserva-Tecnica_Viamao_Foto-de-Fabio-Alt-2048x1365.jpg 2048w, https://fvcb.com.br/acervo/wp-content/uploads/2024/11/Acervo-Artistico_Reserva-Tecnica_Viamao_Foto-de-Fabio-Alt-205x137.jpg 205w, https://fvcb.com.br/acervo/wp-content/uploads/2024/11/Acervo-Artistico_Reserva-Tecnica_Viamao_Foto-de-Fabio-Alt-480x320.jpg 480w" sizes="auto, (max-width: 1024px) 100vw, 1024px" /></figure>



<figure class="wp-block-image size-large"><img loading="lazy" decoding="async" width="1024" height="576" data-id="60744" src="https://fvcb.com.br/acervo/wp-content/uploads/2024/11/Acervo-Artistico_Reserva-Tecnica-em-Viamao-1024x576.jpg" alt="" class="wp-image-60744" srcset="https://fvcb.com.br/acervo/wp-content/uploads/2024/11/Acervo-Artistico_Reserva-Tecnica-em-Viamao-1024x576.jpg 1024w, https://fvcb.com.br/acervo/wp-content/uploads/2024/11/Acervo-Artistico_Reserva-Tecnica-em-Viamao-300x169.jpg 300w, https://fvcb.com.br/acervo/wp-content/uploads/2024/11/Acervo-Artistico_Reserva-Tecnica-em-Viamao-768x432.jpg 768w, https://fvcb.com.br/acervo/wp-content/uploads/2024/11/Acervo-Artistico_Reserva-Tecnica-em-Viamao-1536x864.jpg 1536w, https://fvcb.com.br/acervo/wp-content/uploads/2024/11/Acervo-Artistico_Reserva-Tecnica-em-Viamao-2048x1152.jpg 2048w, https://fvcb.com.br/acervo/wp-content/uploads/2024/11/Acervo-Artistico_Reserva-Tecnica-em-Viamao-205x115.jpg 205w, https://fvcb.com.br/acervo/wp-content/uploads/2024/11/Acervo-Artistico_Reserva-Tecnica-em-Viamao-480x270.jpg 480w" sizes="auto, (max-width: 1024px) 100vw, 1024px" /></figure>



<figure class="wp-block-image size-large"><img loading="lazy" decoding="async" width="1024" height="685" data-id="60745" src="https://fvcb.com.br/acervo/wp-content/uploads/2024/11/DSC02791-1024x685.jpg" alt="" class="wp-image-60745" srcset="https://fvcb.com.br/acervo/wp-content/uploads/2024/11/DSC02791-1024x685.jpg 1024w, https://fvcb.com.br/acervo/wp-content/uploads/2024/11/DSC02791-300x201.jpg 300w, https://fvcb.com.br/acervo/wp-content/uploads/2024/11/DSC02791-768x514.jpg 768w, https://fvcb.com.br/acervo/wp-content/uploads/2024/11/DSC02791-1536x1028.jpg 1536w, https://fvcb.com.br/acervo/wp-content/uploads/2024/11/DSC02791-2048x1371.jpg 2048w, https://fvcb.com.br/acervo/wp-content/uploads/2024/11/DSC02791-205x137.jpg 205w, https://fvcb.com.br/acervo/wp-content/uploads/2024/11/DSC02791-480x321.jpg 480w" sizes="auto, (max-width: 1024px) 100vw, 1024px" /></figure>
</figure>



<p></p>

<p>Em atividade desde 2005, a Fundação Vera Chaves Barcellos é uma instituição cultural privada e sem fins lucrativos, com atuação em Viamão e Porto Alegre, no Rio Grande do Sul. Nosso trabalho compreende a preservação, a pesquisa e a difusão do acervo compreendido por obras da artista Vera Chaves Barcellos (Porto Alegre/RS, 1938) e mais [&hellip;]</p>
