{"id":60781,"date":"2024-11-08T13:17:07","date_gmt":"2024-11-08T16:17:07","guid":{"rendered":"https:\/\/fvcb.com.br\/acervo\/?page_id=60781"},"modified":"2026-01-22T10:38:31","modified_gmt":"2026-01-22T13:38:31","slug":"contato","status":"publish","type":"page","link":"https:\/\/fvcb.com.br\/acervo\/contato\/","title":{"rendered":"Contato"},"content":{"rendered":"\n<p><\/p>\n\n\n\n<div class=\"wp-block-media-text is-stacked-on-mobile\"><figure class=\"wp-block-media-text__media\"><img loading=\"lazy\" decoding=\"async\" width=\"1024\" height=\"702\" src=\"https:\/\/fvcb.com.br\/acervo\/wp-content\/uploads\/2024\/11\/DSC03485-1024x702.jpg\" alt=\"\" class=\"wp-image-60784 size-full\" srcset=\"https:\/\/fvcb.com.br\/acervo\/wp-content\/uploads\/2024\/11\/DSC03485-1024x702.jpg 1024w, https:\/\/fvcb.com.br\/acervo\/wp-content\/uploads\/2024\/11\/DSC03485-300x206.jpg 300w, https:\/\/fvcb.com.br\/acervo\/wp-content\/uploads\/2024\/11\/DSC03485-768x526.jpg 768w, https:\/\/fvcb.com.br\/acervo\/wp-content\/uploads\/2024\/11\/DSC03485-1536x1053.jpg 1536w, https:\/\/fvcb.com.br\/acervo\/wp-content\/uploads\/2024\/11\/DSC03485-2048x1404.jpg 2048w, https:\/\/fvcb.com.br\/acervo\/wp-content\/uploads\/2024\/11\/DSC03485-205x141.jpg 205w, https:\/\/fvcb.com.br\/acervo\/wp-content\/uploads\/2024\/11\/DSC03485-480x329.jpg 480w\" sizes=\"auto, (max-width: 1024px) 100vw, 1024px\" \/><\/figure><div class=\"wp-block-media-text__content\">\n<p>O Acervo Art\u00edstico est\u00e1 aberto para visitas de pesquisa, com agendamento pr\u00e9vio.<\/p>\n\n\n\n<p><strong><mark style=\"background-color:rgba(0, 0, 0, 0)\" class=\"has-inline-color has-default-color\">E-mail:<\/mark><\/strong> acervo.fvcb@gmail.com<br><strong><mark style=\"background-color:rgba(0, 0, 0, 0)\" class=\"has-inline-color has-default-color\">Telefone:<\/mark><\/strong> +55 (51) 99949-0348<\/p>\n\n\n\n<p><\/p>\n\n\n\n<p><strong><mark style=\"background-color:rgba(0, 0, 0, 0)\" class=\"has-inline-color has-default-color\">Equipe do Acervo Art\u00edstico<\/mark><\/strong><\/p>\n\n\n\n<p>Bruna Martin (Coordena\u00e7\u00e3o)<\/p>\n\n\n\n<p>Arthur Bonfim<\/p>\n\n\n\n<p>Vitor Lanes<\/p>\n\n\n\n<p><\/p>\n<\/div><\/div>\n\n\n\n<p><\/p>\n","protected":false},"excerpt":{"rendered":"<p>O Acervo Art\u00edstico est\u00e1 aberto para visitas de pesquisa, com agendamento pr\u00e9vio. E-mail: acervo.fvcb@gmail.comTelefone: +55 (51) 99949-0348 Equipe do Acervo Art\u00edstico Bruna Martin (Coordena\u00e7\u00e3o) Arthur Bonfim Vitor Lanes<\/p>\n","protected":false},"author":3,"featured_media":0,"parent":0,"menu_order":0,"comment_status":"closed","ping_status":"closed","template":"","meta":{"footnotes":""},"class_list":["post-60781","page","type-page","status-publish","hentry"],"_links":{"self":[{"href":"https:\/\/fvcb.com.br\/acervo\/wp-json\/wp\/v2\/pages\/60781","targetHints":{"allow":["GET"]}}],"collection":[{"href":"https:\/\/fvcb.com.br\/acervo\/wp-json\/wp\/v2\/pages"}],"about":[{"href":"https:\/\/fvcb.com.br\/acervo\/wp-json\/wp\/v2\/types\/page"}],"author":[{"embeddable":true,"href":"https:\/\/fvcb.com.br\/acervo\/wp-json\/wp\/v2\/users\/3"}],"replies":[{"embeddable":true,"href":"https:\/\/fvcb.com.br\/acervo\/wp-json\/wp\/v2\/comments?post=60781"}],"version-history":[{"count":2,"href":"https:\/\/fvcb.com.br\/acervo\/wp-json\/wp\/v2\/pages\/60781\/revisions"}],"predecessor-version":[{"id":60785,"href":"https:\/\/fvcb.com.br\/acervo\/wp-json\/wp\/v2\/pages\/60781\/revisions\/60785"}],"wp:attachment":[{"href":"https:\/\/fvcb.com.br\/acervo\/wp-json\/wp\/v2\/media?parent=60781"}],"curies":[{"name":"wp","href":"https:\/\/api.w.org\/{rel}","templated":true}]}}